What is the remainder when 4937274 is divided by 249?
102
Calculate the remainder when 311996 is divided by 510.
386
What is the remainder when 22616610 is divided by 113?
112
What is the remainder when 35133131 is divided by 13?
7
Calculate the remainder when 9654185 is divided by 1379168.
9
Calculate the remainder when 120340 is divided by 172.
112
Calculate the remainder when 93175750 is divided by 319.
316
What is the remainder when 29876 is divided by 1793?
1188
Calculate the remainder when 23158 is divided by 17527.
5631
Calculate the remainder when 16432919 is divided by 8216412.
95
What is the remainder when 70583541 is divided by 1619?
1617
What is the remainder when 37853699 is divided by 517?
510
What is the remainder when 7808086 is divided by 4802?
34
What is the remainder when 691971 is divided by 48?
3
Calculate the remainder when 6808943 is divided by 1087.
1062
Calculate the remainder when 1129356 is divided by 56.
4
Calculate the remainder when 53633 is divided by 53631.
2
Calculate the remainder when 4423692 is divided by 2211839.
14
Calculate the remainder when 93638271 is divided by 1314.
3
What is the remainder when 232394 is divided by 20898?
2516
What is the remainder when 82468999 is divided by 1288578?
7
Calculate the remainder when 13661766 is divided by 112907.
19
What is the remainder when 25390195 is divided by 3277?
3276
Calculate the remainder when 274384003 is divided by 1095.
1093
What is the remainder when 3199625 is divided by 894?
893
Calculate the remainder when 291020 is divided by 8811.
257
What is the remainder when 333933 is divided by 338?
327
Calculate the remainder when 150600450 is divided by 97.
93
Calculate the remainder when 2910687 is divided by 2549.
2278
What is the remainder when 14838381 is divided by 1727?
1724
Calculate the remainder when 14123 is divided by 13946.
177
What is the remainder when 8014381 is divided by 1141?
1138
Calculate the remainder when 221963482 is divided by 315.
307
What is the remainder when 36972090 is divided by 821?
818
Calculate the remainder when 11601061 is divided by 580053.
1
What is the remainder when 108819594 is divided by 36273194?
12
What is the remainder when 550269 is divided by 183400?
69
What is the remainder when 34335676 is divided by 1437?
1435
What is the remainder when 22641642 is divided by 5660409?
6
Calculate the remainder when 874413 is divided by 12009.
9765
What is the remainder when 125851175 is divided by 198?
197
What is the remainder when 2971377 is divided by 664?
641
What is the remainder when 455433 is divided by 514?
29
Calculate the remainder when 838433662 is divided by 288.
286
What is the remainder when 126011 is divided by 287?
18
What is the remainder when 453190 is divided by 942?
88
Calculate the remainder when 18362 is divided by 194.
126
Calculate the remainder when 916066 is divided by 23.
22
Calculate the remainder when 228381 is divided by 6010.
1
Calculate the remainder when 37449487 is divided by 496.
495
Calculate the remainder when 184370 is divided by 14165.
225
Calculate the remainder when 2225322496 is divided by 43.
41
What is the remainder when 27242 is divided by 1648?
874
Calculate the remainder when 31925 is divided by 9717.
2774
What is the remainder when 190492 is divided by 45431?
8768
What is the remainder when 197823 is divided by 104?
15
Calculate the remainder when 163965 is divided by 2561.
61
Calculate the remainder when 3151843 is divided by 1575920.
3
Calculate the remainder when 11986786 is divided by 157.
150
What is the remainder when 282728 is divided by 7061?
288
What is the remainder when 14358908 is divided by 2393151?
2
Calculate the remainder when 52578779 is divided by 1165.
1164
Calculate the remainder when 186013 is divided by 2325.
13
Calculate the remainder when 208473 is divided by 1703.
707
Calculate the remainder when 533758 is divided by 106107.
3223
What is the remainder when 42536127 is divided by 1554?
39
What is the remainder when 5593707 is divided by 411?
408
What is the remainder when 25091117 is divided by 6?
5
What is the remainder when 49328 is divided by 515?
403
Calculate the remainder when 881864 is divided by 27.
17
What is the remainder when 264222 is divided by 169?
75
Calculate the remainder when 1989372 is divided by 497342.
4
Calculate the remainder when 25363 is divided by 1798.
191
What is the remainder when 18547237 is divided by 4636799?
41
What is the remainder when 859147362 is divided by 37?
36
What is the remainder when 32034117 is divided by 2519?
2513
Calculate the remainder when 1788569 is divided by 38.
23
What is the remainder when 27271783 is divided by 230?
223
Calculate the remainder when 1238996 is divided by 36.
20
Calculate the remainder when 128414 is divided by 18336.
62
What is the remainder when 60555 is divided by 13584?
6219
Calculate the remainder when 15714 is divided by 1607.
1251
Calculate the remainder when 7542128 is divided by 407.
11
What is the remainder when 3204893 is divided by 1602220?
453
Calculate the remainder when 12349895 is divided by 25.
20
Calculate the remainder when 306278 is divided by 609.
560
Calculate the remainder when 2521888 is divided by 5.
3
What is the remainder when 176913 is divided by 7688?
89
What is the remainder when 7920152 is divided by 2850?
2
What is the remainder when 4211085 is divided by 302?
299
Calculate the remainder when 220071 is divided by 762.
615
What is the remainder when 19481948 is divided by 1991?
13
Calculate the remainder when 749399 is divided by 124606.
1763
Calculate the remainder when 19659 is divided by 1458.
705
Calculate the remainder when 7094773 is divided by 385.
378
What is the remainder when 1283788 is divided by 25172?
16
What is the remainder when 265756 is divided by 630?
526
What is the remainder when 15735396 is divided by 232?
228
What is the remainder when 241317585 is divided by 553?
551
Calculate the remainder when 158815 is divided by 1593.
1108
What is the remainder when 106937 is divided by 876?
65
What is the remainder when 9369774 is divided by 107?
105
What is the remainder when 62161353 is divided by 27408?
9
Calculate the remainder when 2787328 is divided by 1309.
467
Calculate the remainder when 1031423 is divided by 14948.
11
Calculate the remainder when 33842714 is divided by 126.
122
Calculate the remainder when 17891292 is divided by 4526.
14
What is the remainder when 226359 is divided by 1545?
789
What is the remainder when 843591 is divided by 548?
219
What is the remainder when 30311960 is divided by 149?
145
Calculate the remainder when 574690 is divided by 797.
53
What is the remainder when 557873 is divided by 587?
223
What is the remainder when 1731857 is divided by 2102?
1911
Calculate the remainder when 24200225 is divided by 49.
7
Calculate the remainder when 632678 is divided by 732.
230
Calculate the remainder when 888307 is divided by 4604.
4339
What is the remainder when 11187911 is divided by 1864650?
11
Calculate the remainder when 5305211 is divided by 394.
1
Calculate the remainder when 52965803 is divided by 27529.
7
Calculate the remainder when 177900 is divided by 35339.
1205
What is the remainder when 21820067 is divided by 1349?
1341
What is the remainder when 305098 is divided by 303178?
1920
Calculate the remainder when 28275486 is divided by 3347.
30
What is the remainder when 270662068 is divided by 947?
945
What is the remainder when 1175189 is divided by 19586?
29
What is the remainder when 48310 is divided by 1413?
268
What is the remainder when 1141807 is divided by 380492?
331
What is the remainder when 1962147 is divided by 381?
378
Calculate the remainder when 15952 is divided by 153.
40
What is the remainder when 201698 is divided by 10?
8
Calculate the remainder when 350152 is divided by 2656.
2216
Calculate the remainder when 468647 is divided by 116746.
1663
What is the remainder when 13796416 is divided by 18?
10
What is the remainder when 3424806 is divided by 463?
458
Calculate the remainder when 580557 is divided by 135.
57
What is the remainder when 606302 is divided by 1150?
252
What is the remainder when 55645 is divided by 2058?
79
What is the remainder when 353627245 is divided by 61?
58
C